n factor of 934236560 and 7120?
7120
Calculate the greatest common factor of 6885 and 175675365.
2295
What is the greatest common divisor of 244 and 29790196?
4
Calculate the highest common divisor of 200430904 and 16.
8
What is the greatest common divisor of 54863 and 3569?
83
Calculate the highest common divisor of 3998584 and 243361.
397
Calculate the greatest common factor of 419528101 and 3446.
1723
What is the highest common divisor of 1947380 and 70?
10
What is the greatest common factor of 496447 and 3381?
7
What is the highest common factor of 35382525 and 1575?
75
What is the greatest common divisor of 9152841 and 3?
3
Calculate the highest common divisor of 3430 and 12716382.
686
What is the highest common factor of 14647 and 2813885?
151
Calculate the highest common factor of 7840 and 96135760.
560
Calculate the highest common divisor of 77 and 9428771.
11
What is the highest common factor of 51558 and 54738?
6
What is the highest common divisor of 264709 and 4185?
31
What is the greatest common divisor of 22295 and 9339850?
65
Calculate the greatest common factor of 707307 and 6837.
129
What is the highest common divisor of 37599480 and 66424?
3496
What is the greatest common factor of 456 and 51275794?
38
What is the highest common factor of 8 and 12064372?
4
What is the greatest common divisor of 252899205 and 15?
15
What is the highest common factor of 2753537 and 7337?
23
What is the greatest common factor of 22092336 and 1984?
496
What is the highest common divisor of 3740 and 1152382?
22
What is the highest common divisor of 683106723 and 273?
39
What is the highest common factor of 156585 and 358065?
1095
Calculate the highest common divisor of 7315 and 365085.
665
What is the highest common divisor of 72 and 50835024?
72
What is the greatest common divisor of 5344 and 2589592848?
2672
Calculate the greatest common factor of 247269210 and 18594.
6198
What is the greatest common divisor of 612773 and 203?
7
What is the highest common factor of 37641 and 159?
3
Calculate the highest common factor of 9241698 and 336279.
1707
What is the greatest common divisor of 3250 and 53625?
1625
What is the highest common factor of 7126845 and 2585?
2585
Calculate the greatest common divisor of 1775790 and 297.
27
Calculate the highest common factor of 9909675 and 389550.
3975
Calculate the greatest common factor of 167453 and 385.
11
What is the greatest common factor of 33307144 and 9672?
3224
Calculate the highest common divisor of 76606620 and 2580.
60
What is the highest common factor of 29025 and 29534335?
215
What is the highest common divisor of 80 and 78788440?
40
What is the highest common divisor of 266 and 279447782?
38
Calculate the highest common factor of 184 and 547354.
46
Calculate the highest common divisor of 168 and 357259992.
24
Calculate the highest common factor of 921829 and 106.
53
What is the highest common factor of 751906973 and 199?
199
What is the highest common factor of 13836564 and 432?
36
Calculate the greatest common divisor of 19710 and 28719.
9
Calculate the greatest common divisor of 720 and 30293955.
45
Calculate the greatest common divisor of 72088 and 424.
8
What is the greatest common factor of 2261890896 and 16?
16
What is the greatest common factor of 85565 and 1516735?
545
Calculate the highest common divisor of 34496839 and 259.
37
Calculate the greatest common factor of 5914 and 184833199.
2957
Calculate the greatest common divisor of 76627524 and 492.
492
What is the greatest common factor of 449935 and 196345?
535
What is the highest common divisor of 51512244 and 8568?
1428
What is the greatest common factor of 3202720 and 7440?
80
Calculate the highest common divisor of 17439708 and 1287.
429
Calculate the highest common divisor of 1773 and 66963649.
197
Calculate the highest common divisor of 77 and 11814649.
77
Calculate the highest common factor of 454769706 and 38106.
12702
What is the highest common divisor of 514728 and 6696?
216
Calculate the highest common factor of 1331044316 and 5068.
5068
Calculate the highest common factor of 15526660 and 1111846.
4898
What is the highest common factor of 3205211 and 73?
73
What is the highest common factor of 57856890 and 2730?
2730
Calculate the highest common divisor of 17 and 168520643.
17
What is the greatest common factor of 11892 and 55248?
12
What is the highest common divisor of 1694696 and 476?
68
Calculate the highest common factor of 15715 and 10850.
35
What is the highest common divisor of 4451136 and 6272?
64
Calculate the highest common divisor of 9965374 and 6725.
269
Calculate the greatest common divisor of 397887 and 492.
3
What is the highest common factor of 10484480 and 15?
5
What is the greatest common factor of 36174248 and 88?
88
What is the highest common factor of 17875 and 2032745?
715
Calculate the greatest common factor of 34692263 and 53.
53
What is the greatest common divisor of 3738764 and 258?
86
Calculate the greatest common factor of 3690700 and 75.
25
What is the highest common factor of 43536999 and 276?
69
Calculate the greatest common factor of 6204700 and 400.
100
Calculate the greatest common factor of 19548 and 488.
4
Calculate the highest common divisor of 30798 and 1365732.
1062
Calculate the greatest common divisor of 38124910 and 5.
5
Calculate the greatest common factor of 891 and 17215110.
99
Calculate the greatest common divisor of 205261845 and 107.
107
Calculate the greatest common factor of 21037 and 245141.
109
What is the highest common factor of 29216188 and 6?
2
What is the greatest common factor of 232425 and 159082?
1033
Calculate the highest common divisor of 10115 and 3920980.
35
Calculate the highest common divisor of 4832 and 7704020.
604
Calculate the highest common factor of 509762680 and 20.
20
Calculate the highest common factor of 2204 and 4736947.
551
Calculate the highest common divisor of 4224 and 759936.
384
Calculate the highest common divisor of 15150350 and 150.
50
What is the highest common divisor of 1989 and 26451204?
39
What is the greatest common divisor of 5 and 4599037?
1
Calculate the greatest common factor of 8323 and 1420937.
287
Calculate the highest common divisor of 423 and 7118244.
423
Calculate the greatest common factor of 5813195 and 725.
145
What is the greatest common factor of 6542474 and 27346?
226
What is the highest common divisor of 21297 and 1601855?
229
Calculate the greatest common factor of 5254 and 46176.
74
Calculate the greatest common factor of 187456 and 229472.
3232
Calculate the highest common factor of 178572662 and 348.
58
Calculate the greatest common divisor of 1564935 and 8500.
85
What is the highest common divisor of 1568 and 237141576?
392
What is the highest common divisor of 9081768 and 32?
8
What is the highest common factor of 7859925 and 175437?
1737
What is the highest common divisor of 8910081 and 30969?
999
What is the greatest common factor of 820 and 9308500?
20
Calculate the greatest common factor of 35092059 and 44427.
753
What is the greatest common divisor of 28 and 433851446?
14
What is the highest common factor of 74497 and 2127707?
1817
What is the highest common factor of 343114 and 295688?
46
Calculate the highest common divisor of 5850 and 251511.
39
Calculate the greatest common factor of 1251460 and 6860.
980
Calculate the greatest common factor of 6097136 and 16.
16
Calculate the highest common divisor of 788358501 and 441.
441
Calculate the highest common factor of 4847216 and 176.
176
Calculate the highest common divisor of 24865305 and 5.
5
What is the highest common divisor of 38 and 255208?
38
What is the highest common factor of 704624760 and 70?
70
What is the greatest common factor of 6204148 and 196?
4
Calculate the greatest common divisor of 3589921 and 876.
73
Calculate the greatest common factor of 492524 and 15164.
68
Calculate the greatest common factor of 56682768 and 496.
16
What is the greatest common divisor of 23816 and 47281?
13
What is the highest common factor of 33901 and 668?
167
What is the highest common divisor of 90 and 15582474?
18
Calculate the greatest common factor of 141 and 123912774.
141
Calculate the highest common factor of 2936 and 217294828.
1468
Calculate the hig